der when k(10) is divided by d.
20
Suppose -x + 3*x - 472 = 0. Suppose 2*j + 5*y - 22 = y, -5*y + 50 = 4*j. What is the remainder when x is divided by j?
11
Let d = 522 - 284. Suppose 7*x - 184 - 89 = 0. What is the remainder when x is divided by d/35 + (-3)/(-15)?
4
What is the remainder when (-1)/(297341/37169 - 8) is divided by 19?
16
Let f = -183 + 195. What is the remainder when ((-116)/3)/(f/(-18) - 0) is divided by 49/3 - (-2)/(-6)?
10
Suppose 119*y - 1634 = 12211 + 14477. Calculate the remainder when 248 is divided by y.
10
Let d = 62 - 9. Suppose x + 3 = 4*l, 3*l - x - 6 = -4*x. Let a(v) = 20*v**2 - v + 1. What is the remainder when d is divided by a(l)?
13
Suppose 179 = -5*o - 66. Let t be o + 50 - (3 - 0 - 1). Calculate the remainder when 4/14 - 687/21*t is divided by 13.
7
Let u(v) = 6*v - 105. Suppose 2*n + 38 = 92. What is the remainder when u(n) is divided by 10?
7
Suppose -4*q - l + 837 = 0, 0 = -q - 5*l + 134 + 61. Let s = 225 - q. Calculate the remainder when s is divided by 6.
3
Suppose -3*v + 4*r = -92, -2872*v + 2875*v - r = 95. What is the remainder when 4350 is divided by v?
30
Let i = -18171 - -18188. Let u = -3 - -5. Let q = u - -1. Calculate the remainder when i is divided by q.
2
Suppose -11*g = -12*g + 1547. Let i = g + -849. Calculate the remainder when i is divided by 28.
26
Suppose 0 = s + 4*s - 365. Let l = 376433 - 376148. Calculate the remainder when l is divided by s.
66
Let r = 564 + -558. Suppose -34*n + r*n = -868. Calculate the remainder when 431 is divided by n.
28
Calculate the remainder when (-459)/(-1683) - 132321/(-33) is divided by 183.
167
Let r = -1118 - -1261. Calculate the remainder when r is divided by 77.
66
Let o be (-64)/10*80/(-32). Suppose 4 = -o*v + 20*v. What is the remainder when v/1 - (-2 + 4 - 52) is divided by 9?
6
Suppose -10*h + 120 = -25*h. What is the remainder when h/(-2)*((-60)/(-3) - 3) is divided by 23?
22
Suppose -q - 3730 = 3*w - 23124, -4*q - 25896 = -4*w. Calculate the remainder when w is divided by 21.
20
Let f(g) = g**2 - 337*g + 5. Suppose -38 + 0 = -2*z. What is the remainder when z is divided by f(0)?
4
What is the remainder when ((-532)/(-38))/(7/262) is divided by 465?
59
Suppose -5*q - 2*d + 163 = 0, -4 - 24 = -q - 5*d. Let i = 5823 + -5812. Calculate the remainder when q is divided by i.
0
Suppose 3*t - 14 = a + 3, -5*t + 20 = 0. Let l = -367 - -369. What is the remainder when l is divided by 1/3*(11 + a)?
0
Let h = -44 + 33. Let j(y) = 13*y + 7. Let v(t) = -27*t - 13. Let s(m) = h*j(m) - 6*v(m). Calculate the remainder when s(7) is divided by 45.
44
Let b(g) = 79*g - 12. Let l be b(4). Let n be (-2)/9 + l/72. Let x = n - -12. What is the remainder when 46 is divided by x?
14
Suppose -4*p + 24 = 0, 0 = 5*z + 4*p - 14103 + 479. Calculate the remainder when z is divided by 1359.
2
Let d(c) be the second derivative of 0 - 19*c + 13*c**2 + 2/3*c**3. What is the remainder when d(8) is divided by 12?
10
Let p be (-3)/((-6)/(-37))*-2*5. Suppose 8*h - 648 = 6*h. Let s = h - p. Calculate the remainder when s is divided by 36.
31
Suppose -2*w + 3*v = -w + 297, -5*w + 5*v - 1435 = 0. Let r = -215 - w. Suppose -3*p = -5*p + 46. What is the remainder when r is divided by p?
21
Let m(g) = 8*g**3 - 4*g**2 + 15*g - 60. What is the remainder when m(5) is divided by 57?
3
Let r(u) = 6*u**2 - 71*u - 659. What is the remainder when r(-9) is divided by 126?
88
Let k(q) = -q**2 - 8*q + 840. Calculate the remainder when k(-23) is divided by 17.
2
Let c(f) = 5*f + 34. Let h be c(-6). Suppose 0 = h*q - 868 + 232. Let m = -72 + 90. What is the remainder when q is divided by m?
15
Let k = -788 - -863. What is the remainder when k is divided by 28?
19
Suppose 5*r - 12 = -r. Suppose -218 = d + p, 253 = 3*d - r*p + 927. Calculate the remainder when 71 is divided by ((-3)/(-9))/((-2)/d).
34
Let p(m) = 4*m**2 + 7*m + 15. Let d be p(-3). Suppose 321 = d*c - 27*c. Calculate the remainder when c is divided by 36.
35
Suppose 1905*c + 132 = 1906*c. What is the remainder when 541 is divided by c?
13
Suppose -3*i - 27 = 3*k, -2*k - 2*i - 15 = -i. Let m(o) = -22*o - 35. What is the remainder when m(k) is divided by 11?
9
Let w(s) = 32*s**3 - 2*s + 1. Let q be w(1). Suppose -a + 4 + q = 0. Suppose -a + 0 = -l. Calculate the remainder when 104 is divided by l.
34
Let s(t) = t**2 - 5*t. Let r be (10/8)/((-7)/(-28)). Let q be s(r). Calculate the remainder when 3 + (q + -1)/(1/(-2)) is divided by 3.
2
Let g be 32/6 + 34/51. Let k be (-1)/1*(g - 7). Calculate the remainder when ((-315)/(-9))/(1/k) is divided by 18.
17
Let t = 122 - 119. What is the remainder when 19 is divided by (-3 + t/(-1))/(3/(-2))?
3
Let u(y) = 22*y + 57. What is the remainder when 199 is divided by u(-1)?
24
Let n = -4398 + 4736. Calculate the remainder when n is divided by 118.
102
Let z(y) = 16*y - 1. Let c(a) = 446*a + 3183. Calculate the remainder when c(-7) is divided by z(2).
30
Let u(q) = -17*q - 5. Let d be u(-4). Suppose 2*y - 4*g = 18, 4*y + 4*g = 6*g + 60. Calculate the remainder when d/(-18)*(-18)/1 is divided by y.
12
Let z(w) = -179*w - 553. Calculate the remainder when z(-31) is divided by 98.
96
Let i = -390 - -443. Calculate the remainder when i is divided by ((-40)/(-32))/(2/8).
3
Suppose -82 = 55*n - 247. Let p(m) = m**3 - m**2 - 3*m - 4. Let g be p(3). Calculate the remainder when (-3 - n) + g - -4 is divided by 1.
0
Let k(g) = -g + 5. Let m be k(3). Suppose -m*l + 62 = o, 23 = 5*o + 3. What is the remainder when l is divided by 11?
7
Suppose -181*i + 201*i - 380 = 0. What is the remainder when 435 is divided by i?
17
Suppose 322 + 428 = 74*v - 1618. What is the remainder when 9247 is divided by v?
31
Let u(c) = 4*c**2 - 22*c - 103. What is the remainder when u(-29) is divided by 83?
81
Let j(w) = -15*w - 21. Suppose 0*z + 2*t + 25 = 3*z, -4*z - 5*t = -41. Let u(n) = -2*n + 6. Let p be u(z). Calculate the remainder when j(p) is divided by 40.
39
What is the remainder when (-2 + 1484/8)*(19 + -7) is divided by 29?
27
Calculate the remainder when 2/5 + ((-444)/10)/((-80)/320) is divided by 59.
1
Let n be (-311)/(((-1)/(-3))/(14/(-21))). Let t = n + -449. Calculate the remainder when t is divided by 16.
13
Let a(y) = -504*y - 645. What is the remainder when a(-4) is divided by 43?
38
Let y = -439 + 374. Calculate the remainder when 3 - 1 - (-255 + y) is divided by 9.
7
Let y be 10 - ((-4 - -6) + 3). Suppose 3*i - y*q - 94 = 0, -60 = -i - 4*q - 6. What is the remainder when i is divided by 6?
2
Let o = -2737 + 2748. Calculate the remainder when (-43)/(-2 - (-3)/3) is divided by o.
10
Let x(b) be the third derivative of b**5/20 + 7*b**4/8 + 5*b**3/2 - 21*b**2. What is the remainder when x(-10) is divided by 18?
15
Suppose -5*l + 4*t + 23 = 0, -3*l = -t - 20 + 2. Calculate the remainder when ((-44)/(-16) + 0)/((-4)/(-80)) is divided by l.
6
Let l(f) = -f**3 + 26*f**2 + 40*f - 62. Let a be l(28). What is the remainder when (28/(-20))/(6/a + 0) is divided by 33?
20
Suppose 3*p = 3*q + 4 + 8, 0 = -4*p + q + 19. Suppose 2*s + 55 = 5*r, 4*r - 14 - 13 = p*s. Calculate the remainder when 76 - (-14 - 168/(-12)) is divided by r.
11
Suppose -644*u = -596*u - 723984. What is the remainder when u is divided by 92?
87
Suppose 1464 - 4272 = -78*i. What is the remainder when 322 is divided by i?
34
Suppose -5*j + 4 = -0*j + o, -5*o = 4*j + 1. Calculate the remainder when ((-696)/28)/(20/(-70)) is divided by (-36)/15*j*-10.
15
Suppose -y = -4, 3*t - 146*y - 1939 = -141*y. Calculate the remainder when t is divided by 49.
16
Suppose b - 5*z - 128 = 238, 2*z - 366 = -b. Suppose 4*r = -4*k + 520, 0 = -3*r - 9*k + 12*k + b. What is the remainder when r is divided by 32?
30
Suppose -13*j - j = -1036. What is the remainder when j is divided by ((-35)/(-10))/((-2)/(-4))?
4
Let q = 11 + -13. Let a be (2/q)/((-2)/6). Let f(p) = 3*p + 6. Calculate the remainder when 89 is divided by f(a).
14
Suppose -32*i = -1031 - 1609 - 624. What is the remainder when i is divided by 22?
14
Let c = -18 - -40. Let y = -12659 + 12766. What is the remainder when y is divided by c?
19
Suppose -7*g + 29*g - 1804 = 0. What is the remainder when g is divided by 53?
29
Suppose 20*v = 17*v + 2*q + 6600, 5*q = 2*v - 4389. What is the remainder when v is divided by 69?